136255583 composite?
True
Is 383405483 composite?
False
Is 1251527 a prime number?
True
Is 1239842 a composite number?
True
Is 5219441 prime?
True
Is 27299567 composite?
False
Is 32733803 a composite number?
True
Is 2321160733 composite?
False
Is 428137 a composite number?
False
Is 46399553 a composite number?
True
Is 3606518 a prime number?
False
Is 5558327 a prime number?
False
Is 53970927 prime?
False
Is 184551019 prime?
True
Is 38938523 a prime number?
False
Is 15782269 composite?
False
Is 4045303 a prime number?
False
Is 308059 composite?
True
Is 738447013 composite?
False
Is 678626303 a composite number?
True
Is 1510133 prime?
False
Is 103794373 prime?
True
Is 9142411 composite?
False
Is 52326949 composite?
False
Is 2528477 a composite number?
True
Is 76500607 composite?
True
Is 90267299 a prime number?
False
Is 150477583 a prime number?
False
Is 1814563 composite?
True
Is 771966301 a composite number?
False
Is 3320869 composite?
False
Is 56268773 composite?
True
Is 4304981 a prime number?
True
Is 16299041 a prime number?
False
Is 42237281 composite?
True
Is 7111723 a prime number?
False
Is 218917 a composite number?
True
Is 74013 prime?
False
Is 31884927 composite?
True
Is 1750423 a prime number?
True
Is 17268467 prime?
False
Is 111634703 prime?
True
Is 24923369 a composite number?
True
Is 8792237 prime?
True
Is 45211393 a prime number?
False
Is 201067133 a prime number?
True
Is 11285117 prime?
True
Is 572963 a prime number?
True
Is 151173221 prime?
True
Is 308777429 composite?
False
Is 53392621 composite?
True
Is 679339037 a composite number?
True
Is 65982097 prime?
True
Is 378379 composite?
False
Is 2144101 a composite number?
True
Is 26009989 prime?
True
Is 752216461 a composite number?
False
Is 2319559 composite?
True
Is 25215763 prime?
True
Is 1908733 composite?
True
Is 161378351 a composite number?
True
Is 2290571 a composite number?
False
Is 19965109 composite?
True
Is 254593 composite?
False
Is 2053697 composite?
True
Is 12722029 a composite number?
True
Is 153832807 a composite number?
False
Is 132937801 composite?
False
Is 544877 a prime number?
True
Is 527852785 prime?
False
Is 952481 a prime number?
True
Is 7644677 composite?
True
Is 7886981 a prime number?
False
Is 697063 a prime number?
True
Is 1963483 a prime number?
False
Is 2278487 prime?
True
Is 4246771 a composite number?
False
Is 323446337 composite?
False
Is 184039949 a prime number?
True
Is 9993499 prime?
False
Is 758467 prime?
False
Is 1134977 a composite number?
False
Is 16150871 prime?
False
Is 212027 prime?
False
Is 1114453 prime?
False
Is 17147591 a prime number?
True
Is 5088571 a composite number?
True
Is 46194973 a prime number?
False
Is 13136599 prime?
False
Is 82935143 a composite number?
True
Is 2531069 prime?
True
Is 6277007 prime?
False
Is 93473491 prime?
False
Is 16670721 a prime number?
False
Is 601661717 a composite number?
True
Is 3225343 a composite number?
True
Is 716383 composite?
False
Is 366143 prime?
False
Is 67044683 a composite number?
True
Is 4948967 a prime number?
False
Is 102433 a composite number?
False
Is 847109 composite?
False
Is 6267557 a prime number?
False
Is 7306231 composite?
True
Is 1276318 a prime number?
False
Is 4150339 a composite number?
True
Is 1503959 prime?
True
Is 75009621 prime?
False
Is 315156535 a prime number?
False
Is 55489991 a prime number?
True
Is 2048801 composite?
True
Is 94465171 a prime number?
True
Is 227537927 prime?
False
Is 266717353 a prime number?
False
Is 357401 a composite number?
True
Is 2455337 a composite number?
False
Is 6007195 a composite number?
True
Is 2504231 composite?
True
Is 172086509 a prime number?
False
Is 28600789 prime?
False
Is 56068301 prime?
True
Is 220931171 composite?
False
Is 35445005 composite?
True
Is 21240587 prime?
True
Is 53609921 prime?
False
Is 2892167 composite?
True
Is 20405419 a prime number?
False
Is 2642777 a composite number?
False
Is 590513189 prime?
False
Is 44891593 prime?
True
Is 196562099 prime?
False
Is 23581087 a composite number?
False
Is 14010267 a composite number?
True
Is 1098211 a composite number?
False
Is 4691293 composite?
False
Is 30172523 composite?
True
Is 18789121 a composite number?
True
Is 855677 composite?
True
Is 926494 a prime number?
False
Is 91790849 prime?
True
Is 6734135 composite?
True
Is 21350137 prime?
True
Is 114159917 composite?
True
Is 203869 composite?
False
Is 1172113 composite?
True
Is 24477227 prime?
True
Is 1932037 prime?
True
Is 2649351 prime?
False
Is 17880157 prime?
True
Is 5456443 composite?
True
Is 891953 composite?
True
Is 761155 a composite number?
True
Is 16517647 a prime number?
False
Is 139114741 a prime number?
False
Is 481609451 a prime number?
True
Is 281125309 a prime number?
False
Is 4406851 a prime number?
False
Is 49223743 prime?
False
Is 132211777 composite?
False
Is 1201391 a composite number?
True
Is 373655441 composite?
False
Is 573871 a prime number?
True
Is 640861 prime?
False
Is 400300045 prime?
False
Is 363658969 a composite number?
False
Is 4157918 a composite number?
True
Is 72877933 composite?
True
Is 73972039 composite?
True
Is 4295386 composite?
True
Is 107136103 a composite number?
False
Is 37022623 composite?
True
Is 15821759 composite?
False
Is 37347979 prime?
False
Is 217736099 prime?
False
Is 157990493 prime?
False
Is 41518069 a composite number?
True
Is 19054291 prime?
False
Is 12472879 a composite number?
False
Is 21300005 a prime number?
False
Is 185036207 a composite number?
True
Is 6751835 a prime number?
False
Is 1903301 composite?
False
Is 4624319 prime?
False
Is 357346097 a prime number?
True
Is 17201281 composite?
True
Is 15405781 a prime number?
True
Is 12115913 a composite number?
True
Is 231745487 composite?
True
Is 298625189 a prime number?
True
Is 4174631 prime?
True
Is 15591139 prime?
False
Is 6855631 a prime number?
True
Is 4780387 a composite number?
True
Is 12170363 prime?
False
Is 1071529 prime?
True
Is 124140799 prime?
True
Is 4736883 a prime number?
False
Is 87756671 a prime number?
True
Is 129320657 composite?
True
Is 54088223 composite?
True
Is 192925939 a prime number?
False
Is 234219637 prime?
True
Is 1408922461 composite?
False
Is 11361241 a composite number?
True
Is 637513 a composite number?
False
Is 152407271 prime?
True
Is 76634279 a composite number?
False
Is 6169301 a composite number?
False
Is 588545753 composite?
False
Is 18701 a composite number?
False
Is 27473749 a prime number?
True
Is 49559707 a prime number?
False
Is 62819362 composite?
True
Is 80546285 a composite number?
True
Is 3897899 a composite number?
False
Is 68900081 composite?
True
Is 330105119 a composite number?
True
Is 745517 prime?
True
Is 4441633 prime?
False
Is 601727883 a prime number?
False
Is 227209 composite?
True
Is 282398 a prime number?
False
Is 217783583 composite?
True
Is 72370141 composite?
True
Is 20852039 a prime number?
False
Is 1202683 composite?
True
Is 10271297 prime?
True
Is 296063 composite?
True
Is 35808917 a composite number?
False
Is 3260261 prime?
True
Is 6380723 a prime number?
False
Is 2080753 prime?
False
Is 2716429 a prime number?
False
Is 11847613 prime?
False
Is 20144827 a prime number?
False
Is 1075551983 prime?
False
Is 13910431 composite?
False
Is 277156147 composite?
False
Is 581623373 composite?
False
Is 7455431 prime?
True
Is 264371 prime?
True
Is 2871701 a prime number?
False
Is 7722799 prime?
False
Is 1145134 prime?
False
Is 4112909 a prime number?
False
Is 74526137 composite?
True
Is 291498293 a prime number?
True
Is 607247 composite?
True
Is 173425333 prime?
True
Is 7269349 composite?
True
Is 18271139 prime?
True
Is 76555239 a composite number?
True
Is 86851483 a prime number?
True
Is 898643 a composite number?
True
Is 6347 composite?
True
Is 1081477 a prime number?
True
Is 454141 a prime number?
True
Is 20897213 a prime number?
True
Is 15217301 a prime number?
False
Is 36030487 composite?
False
Is 26767493 composite?
True
Is 741969821 prime?
True
Is 1641509 a prime number?
True
Is 8730947 a composite number?
False
Is 2062807 a composite number?
False
Is 2666947 a composite number?
False
Is 11112689 a prime number?
False
Is 224188577 a prime number?
True
Is 187293857 a prime number?
False
Is 51372407 a composite number?
True
Is 376491 prime?
Fal